ime factors of d.
3
Suppose -4*d + 5 = -g - 4, -2*d - 5*g = 23. Let v(h) = 10*h**3 + h - 1. List the prime factors of v(d).
2, 5
Let x = -1 + 5. Suppose o + 3*o - x = 0. List the prime factors of (-16)/(-4)*(0 + o).
2
Suppose -5*m + 8 = -7. Suppose -m*j + 68 = -0*p - p, p - 124 = -5*j. List the prime factors of j.
2, 3
Let x = -5 + 36. Let q be (6 - 3)*1 - -42. Let a = q - x. What are the prime factors of a?
2, 7
What are the prime factors of (12/1)/((-4)/(-18))?
2, 3
Let n(w) = -w**2 + 5*w + 8. Let a be n(7). What are the prime factors of 10/3*a/(-4)?
5
Let y = 18 - 72. List the prime factors of 12/y - 119/(-9).
13
Let l = -4 - -10. List the prime factors of 33/l - 1/(-2).
2, 3
Let h = -166 - -260. What are the prime factors of h?
2, 47
Suppose 3*t - 45 + 0 = 0. What are the prime factors of t?
3, 5
Let t = 10 - 6. Suppose 0 = n - 0*n - 10. Suppose n = d + t. List the prime factors of d.
2, 3
List the prime factors of (-152)/6*-3 - -5.
3
Let q(k) = 2*k**2 - 7*k + 5. Let h be (4 + 1)*(-4)/(-5). What are the prime factors of q(h)?
3
Let i = -7 - -7. Suppose -z + 1 + 2 = i. What are the prime factors of z?
3
Suppose x + 3*x - 12 = 0. Suppose g = -x*g - 4. What are the prime factors of (g + (-21)/(-15))*25?
2, 5
Let u = -4 - -6. What are the prime factors of 5 - u - (-1 + -19)?
23
Let m = -94 - -116. What are the prime factors of m?
2, 11
Let p = -6 - -21. List the prime factors of p.
3, 5
Let p(f) = 5*f**2 - 2*f + 1. Let k be p(2). Suppose 5*q - k = -2. Suppose 3*r + 12 = 0, 2*r - 5*r = -q*o + 30. What are the prime factors of o?
2, 3
Suppose 0 = -2*q + 2 + 6. Suppose -z - q*z = -35. What are the prime factors of z?
7
Suppose 4*p + 2 + 13 = -3*b, 0 = p + b + 5. Suppose 2*s - 4*s - 12 = -3*v, 4*s + 12 = 0. Suppose v + p = c. List the prime factors of c.
2
Let k(c) = 4*c**2 - 10*c - 6. What are the prime factors of k(-6)?
2, 3, 11
Suppose -25 = -5*m - h, -2*h - 2*h = -20. Suppose -7 = m*k - 87. What are the prime factors of k?
2, 5
Let z(q) = 8*q**2 - q - 2. What are the prime factors of z(-6)?
2, 73
Let k be (20/(-50))/(2/(-40)). Let j = k - 1. What are the prime factors of j?
7
Let j(p) = -p**3 + 11*p**2 - 10*p + 7. What are the prime factors of j(10)?
7
Let j(b) be the third derivative of -b**5/60 - 5*b**4/12 - 4*b**3/3 + b**2. Suppose 0*a - 13*a - 78 = 0. List the prime factors of j(a).
2
Let m(u) = -6*u - 1. Suppose 0*g = 5*g + 5. Let q be m(g). Suppose 5*z - c = 45, -q*z = 5*c - 15 - 30. What are the prime factors of z?
3
Suppose -15*j + 6 = -13*j. Suppose -j*v - v = -84. What are the prime factors of v?
3, 7
Let r(k) = k - 3. Let u be r(6). Suppose 0 = -u*w + 4 + 20. What are the prime factors of w?
2
Let c(d) = 2*d**3 + 10*d**2 - 6*d - 5. What are the prime factors of c(-5)?
5
Let h = -6 - -2. What are the prime factors of 152/20 - h/10?
2
Let d = -86 - -260. List the prime factors of d.
2, 3, 29
Let o(u) = -4*u**2 - 2*u + 2. Let i be o(-2). Let h = i - -14. Suppose -h*z = -19 - 25. What are the prime factors of z?
11
Let t = -2 + -6. Let a(o) = 2*o**2 + 13*o. Let g be a(-6). Let k = g - t. What are the prime factors of k?
2
Suppose -4*k = d - 10, -3*k = 5*d + 5 - 21. Suppose -4*i - 3*f + 8*f + 292 = 0, 0 = -f - 4. Suppose -2*l + i = k*l. What are the prime factors of l?
17
Let z(x) = x - 5. Let r(w) = 5. Let t(f) = -2*r(f) - 3*z(f). List the prime factors of t(-7).
2, 13
Let t(f) = 2*f**2 + 6*f - 6. Let r be t(-6). Suppose -105 = i - 6*i. Let j = r - i. What are the prime factors of j?
3
Suppose 0 = -3*h - 3 - 0. List the prime factors of 8 - (h + 0)*-3.
5
Suppose 322 = 4*h + 5*k - 419, 5*h = 4*k + 957. List the prime factors of h.
3, 7
What are the prime factors of 1000/6 - (-30)/(-45)?
2, 83
Let p(h) = -h**3 - 5*h**2 + 3. Let i be p(-5). Suppose 0 = -m - i*f + 198, 3*m = -m + 3*f + 822. What are the prime factors of m/21 - (-4)/14?
2, 5
Let y(l) = 14*l - 8. What are the prime factors of y(4)?
2, 3
Suppose 103 = 4*o + 5*k, 2*o + o - 75 = -3*k. Suppose -3*z = -z - o. What are the prime factors of z?
11
Suppose -2*i + 3*i - 6 = -4*k, -k + 73 = 3*i. List the prime factors of i.
2, 13
Let y(j) = -j**2 + 8*j - 3. Let a be y(6). Suppose -w + 3*w - a = r, -4*w = -4*r - 16. List the prime factors of w.
5
Suppose 4*g + 12 = g. Suppose -2*n = 4*m + 2*n + 48, 2*m = -5*n - 39. Let t = g - m. List the prime factors of t.
3
Let o(q) = q**3 - 5*q**2 + 6*q - 4. Let r be o(4). Let v = 0 + r. List the prime factors of v.
2
Let i(k) = k**2 - 11*k - 8. List the prime factors of i(18).
2, 59
Let t be (6 - 0)*(-10)/6. Let z be ((-32)/t)/(4/(-20)). List the prime factors of (-9)/6*z/6.
2
Suppose -4*q + 68 = -2*x + 208, 5*q + 209 = 3*x. What are the prime factors of x?
2, 17
Let i(d) = -2*d**2 - 3*d - 1. Let o be i(-3). Let b = -30 + 23. Let l = b - o. What are the prime factors of l?
3
Let w be ((-18)/(-14) - -3)*7. Let u = w + -9. List the prime factors of u.
3, 7
Let w be 484/6 + 2/(-3). Suppose 0 = -3*b - 5 + w. What are the prime factors of b?
5
Suppose -5*m + 870 = -0*m. What are the prime factors of m?
2, 3, 29
Suppose 50 = -5*q - 0*q. Let z(p) = -p**2 - 10*p + 6. What are the prime factors of z(q)?
2, 3
Let h(b) = -19*b - 49. What are the prime factors of h(-17)?
2, 137
Suppose -7*b - 15 = -2*b. Suppose 2*u = 6, -6 = -m + 4*m - u. Let w = m - b. List the prime factors of w.
2
What are the prime factors of 561/85 - (-4)/10?
7
List the prime factors of 3 - (-18 + 1 + -3).
23
Suppose -2096 = -x - 7*x. List the prime factors of x.
2, 131
Let i = -61 - -108. List the prime factors of i.
47
Suppose -10*j + 5*j = -950. List the prime factors of j.
2, 5, 19
Suppose -3*t = -9*t + 1956. List the prime factors of t.
2, 163
Let u(d) = 3*d - 42. What are the prime factors of u(23)?
3
Suppose -55 - 61 = -4*j. List the prime factors of j.
29
Let b(q) = -5*q - 3. Let j(r) = 14*r + 9. Let u(p) = 17*b(p) + 6*j(p). List the prime factors of u(-11).
2, 7
Let b = 8 - -7. What are the prime factors of b?
3, 5
Let q(n) be the third derivative of n**4/24 - 2*n**3 + 2*n**2. Let g(v) = -3*v + 25. Let s(l) = -2*g(l) - 5*q(l). What are the prime factors of s(-5)?
5
Let r(q) = q**3 + 9*q**2 - 10*q + 5. Let i be r(-10). Suppose 70 + 105 = i*x. Suppose 0*b + x = 5*b. List the prime factors of b.
7
Let b = -193 + 274. List the prime factors of b.
3
Let i = 16 - 3. List the prime factors of i.
13
Let j(l) = 0 + l**2 + 0*l + 5*l + 6. Let q be 0 + 2/(-5) + (-196)/35. List the prime factors of j(q).
2, 3
What are the prime factors of (2190/(-40))/((-3)/12)?
3, 73
Let r = 42 + -23. Suppose f + v + 4*v - 17 = 0, r = 3*f - v. What are the prime factors of f?
7
Suppose -4*n + 22 = -0*n + 2*c, -17 = -4*n - c. Suppose 0*f - 6 = -n*f. Suppose -f*w = 3*w - 35. What are the prime factors of w?
7
Suppose 5*w - 25 = -d, 2*w = 5*d - 3*w - 35. Suppose -4*f - d = -86. What are the prime factors of f?
19
Let c(p) = -22*p + 22. List the prime factors of c(-8).
2, 3, 11
Suppose 0 = -5*n - 0*b + b + 1162, 2*n - 3*b = 470. Suppose 0 = 5*r + 3*t - 201, 5*r = 4*t - 45 + n. List the prime factors of r.
3, 13
Let o(u) = u + 5. Let h be (-2)/(16/(-14))*4. Let t be o(h). Suppose 5*p = 47 - t. What are the prime factors of p?
7
Let k(b) = b**2 - 4*b. Let y be k(2). Let u(l) = l + 4. Let t be u(y). Suppose -2*o = -10, t = 5*f + o - 17 - 8. List the prime factors of f.
2
List the prime factors of (17 + 2 - -2) + 0.
3, 7
Suppose 12 = -4*y, 4*r - 131 + 40 = y. What are the prime factors of r?
2, 11
Let w be 26/6 - (-2)/(-6). What are the prime factors of 6/w - (-124)/8?
17
Let s(c) be the first derivative of -c**4/12 - 5*c**3/3 - 4*c**2 - c + 2. Let n(q) be the first derivative of s(q). What are the prime factors of n(-8)?
2
Let t(j) = -j**3 + 14*j**2 + 18*j + 29. List the prime factors of t(15).
2, 37
Let k = -200 + 396. List the prime factors of k.
2, 7
Let z = -1 + 6. Suppose 66 = z*u + 26. List the prime factors of u.
2
Let w be 2/4*2 + 21. Let j = -7 + w. What are the prime factors of j?
3, 5
Let z = 3 + -3. Suppose -3*t + 114 - 24 = z. What are the prime factors of t?
2, 3, 5
Suppose 31 = r - 3*h, 3*r - 4*r + 10 = 4*h. Suppose -30 - r = -4*n. Suppose -2*p = -5*t - n, -t - t + 6 = 2*p. What are the prime factors of p?
2
Let h = 28 - -8. What are the prime factors of h?
2, 3
Suppose 4*p + 45 = 5*p. Suppose f 